{"id":73,"date":"2024-04-25T11:27:11","date_gmt":"2024-04-25T11:27:11","guid":{"rendered":"http:\/\/www.artbelova.com\/?page_id=73"},"modified":"2024-05-02T08:40:44","modified_gmt":"2024-05-02T08:40:44","slug":"fotografia","status":"publish","type":"page","link":"https:\/\/www.artbelova.com\/index.php\/fotografia\/","title":{"rendered":"Fotografia"},"content":{"rendered":"<h1 style=\"text-align: right;\"><strong><em>Fotografia<\/em><\/strong><\/h1>\n\n<!--themify_builder_content-->\n<div id=\"themify_builder_content-73\" data-postid=\"73\" class=\"themify_builder_content themify_builder_content-73 themify_builder tf_clear\">\n                    <div  data-lazy=\"1\" class=\"module_row themify_builder_row tb_hxjh745 tb_first tf_w\">\n                        <div class=\"row_inner col_align_top tb_col_count_1 tf_box tf_rel\">\n                        <div  data-lazy=\"1\" class=\"module_column tb-column col-full tb_wt7q746 first\">\n                    <!-- module text -->\n<div  class=\"module module-text tb_zbue409   \" data-lazy=\"1\">\n        <div  class=\"tb_text_wrap\">\n        <p style=\"text-align: justify;\">Anche come fotografa professionista la mia passione per l&#8217;arte, che risale ai miei giorni all&#8217;accademia artistica, ha sempre fatto da padrona. Dopo anni di studio e di perfezionamento delle mie tecniche, ho trasformato la mia passione in una carriera appagante e diversificata.<\/p>\n<p style=\"text-align: justify;\"><img loading=\"lazy\" decoding=\"async\" class=\" wp-image-214 alignleft\" src=\"http:\/\/www.artbelova.com\/wp-content\/uploads\/2024\/05\/m010-011-300x152.jpg\" alt=\"\" width=\"339\" height=\"172\" srcset=\"https:\/\/www.artbelova.com\/wp-content\/uploads\/2024\/05\/m010-011-300x152.jpg 300w, https:\/\/www.artbelova.com\/wp-content\/uploads\/2024\/05\/m010-011-768x388.jpg 768w, https:\/\/www.artbelova.com\/wp-content\/uploads\/2024\/05\/m010-011.jpg 800w\" sizes=\"auto, (max-width: 339px) 100vw, 339px\" \/>Il mio lavoro abbraccia una variet\u00e0 di settori, ma tutti sono uniti da un unico filo conduttore: catturare momenti significativi e trasformarli in immagini indimenticabili. Dai matrimoni alle sessioni fotografiche con gli amati animali da affezione, dalle mamme in dolce attesa agli incontri professionali, ho avuto il privilegio di essere testimone di momenti preziosi nella vita delle persone.<\/p>\n<p style=\"text-align: justify;\"><img loading=\"lazy\" decoding=\"async\" class=\" wp-image-209 alignright\" src=\"http:\/\/www.artbelova.com\/wp-content\/uploads\/2024\/05\/011-300x232.jpg\" alt=\"\" width=\"329\" height=\"255\" srcset=\"https:\/\/www.artbelova.com\/wp-content\/uploads\/2024\/05\/011-300x232.jpg 300w, https:\/\/www.artbelova.com\/wp-content\/uploads\/2024\/05\/011-768x593.jpg 768w, https:\/\/www.artbelova.com\/wp-content\/uploads\/2024\/05\/011.jpg 792w\" sizes=\"auto, (max-width: 329px) 100vw, 329px\" \/>Ogni sessione fotografica \u00e8 un&#8217;opportunit\u00e0 per me di mettere in pratica la mia formazione artistica e la mia sensibilit\u00e0 verso le emozioni umane. Mi impegno a creare immagini che non solo documentino, ma che raccontino storie, che catturino personalit\u00e0 e che trasmettano sentimenti autentici.<\/p>\n<p style=\"text-align: justify;\">La mia esperienza professionale mi ha insegnato l&#8217;importanza della flessibilit\u00e0 e della capacit\u00e0 di adattamento. Ogni servizio fotografico \u00e8 unico, e mi impegno a comprendere le esigenze e le aspettative dei miei clienti per offrire loro un&#8217;esperienza su misura e risultati che superino le loro aspettative.<\/p>\n<p style=\"text-align: justify;\"><img loading=\"lazy\" decoding=\"async\" class=\" wp-image-210 alignleft\" src=\"http:\/\/www.artbelova.com\/wp-content\/uploads\/2024\/05\/Concerto002-300x232.jpg\" alt=\"\" width=\"279\" height=\"215\" srcset=\"https:\/\/www.artbelova.com\/wp-content\/uploads\/2024\/05\/Concerto002-300x232.jpg 300w, https:\/\/www.artbelova.com\/wp-content\/uploads\/2024\/05\/Concerto002-768x593.jpg 768w, https:\/\/www.artbelova.com\/wp-content\/uploads\/2024\/05\/Concerto002.jpg 792w\" sizes=\"auto, (max-width: 279px) 100vw, 279px\" \/>Sono grata per il privilegio di poter condividere la mia passione con gli altri e di poter contribuire a preservare ricordi preziosi per le generazioni future. Grazie per avermi dato l&#8217;opportunit\u00e0 di far parte dei momenti speciali della vostra vita.<\/p>    <\/div>\n<\/div>\n<!-- \/module text -->        <\/div>\n                        <\/div>\n        <\/div>\n        <\/div>\n<!--\/themify_builder_content-->","protected":false},"excerpt":{"rendered":"<p>Fotografia<\/p>\n","protected":false},"author":1,"featured_media":0,"parent":0,"menu_order":0,"comment_status":"closed","ping_status":"closed","template":"","meta":{"site-sidebar-layout":"default","site-content-layout":"","ast-site-content-layout":"default","site-content-style":"default","site-sidebar-style":"default","ast-global-header-display":"","ast-banner-title-visibility":"","ast-main-header-display":"","ast-hfb-above-header-display":"","ast-hfb-below-header-display":"","ast-hfb-mobile-header-display":"","site-post-title":"","ast-breadcrumbs-content":"","ast-featured-img":"","footer-sml-layout":"","ast-disable-related-posts":"","theme-transparent-header-meta":"","adv-header-id-meta":"","stick-header-meta":"","header-above-stick-meta":"","header-main-stick-meta":"","header-below-stick-meta":"","astra-migrate-meta-layouts":"default","ast-page-background-enabled":"default","ast-page-background-meta":{"desktop":{"background-color":"var(--ast-global-color-4)","background-image":"","background-repeat":"repeat","background-position":"center center","background-size":"auto","background-attachment":"scroll","background-type":"","background-media":"","overlay-type":"","overlay-color":"","overlay-opacity":"","overlay-gradient":""},"tablet":{"background-color":"","background-image":"","background-repeat":"repeat","background-position":"center center","background-size":"auto","background-attachment":"scroll","background-type":"","background-media":"","overlay-type":"","overlay-color":"","overlay-opacity":"","overlay-gradient":""},"mobile":{"background-color":"","background-image":"","background-repeat":"repeat","background-position":"center center","background-size":"auto","background-attachment":"scroll","background-type":"","background-media":"","overlay-type":"","overlay-color":"","overlay-opacity":"","overlay-gradient":""}},"ast-content-background-meta":{"desktop":{"background-color":"var(--ast-global-color-5)","background-image":"","background-repeat":"repeat","background-position":"center center","background-size":"auto","background-attachment":"scroll","background-type":"","background-media":"","overlay-type":"","overlay-color":"","overlay-opacity":"","overlay-gradient":""},"tablet":{"background-color":"var(--ast-global-color-5)","background-image":"","background-repeat":"repeat","background-position":"center center","background-size":"auto","background-attachment":"scroll","background-type":"","background-media":"","overlay-type":"","overlay-color":"","overlay-opacity":"","overlay-gradient":""},"mobile":{"background-color":"var(--ast-global-color-5)","background-image":"","background-repeat":"repeat","background-position":"center center","background-size":"auto","background-attachment":"scroll","background-type":"","background-media":"","overlay-type":"","overlay-color":"","overlay-opacity":"","overlay-gradient":""}},"footnotes":""},"class_list":["post-73","page","type-page","status-publish","hentry"],"yoast_head":"<!-- This site is optimized with the Yoast SEO plugin v27.5 - https:\/\/yoast.com\/product\/yoast-seo-wordpress\/ -->\n<title>Fotografia - ArtBelova<\/title>\n<meta name=\"robots\" content=\"index, follow, max-snippet:-1, max-image-preview:large, max-video-preview:-1\" \/>\n<link rel=\"canonical\" href=\"https:\/\/www.artbelova.com\/index.php\/fotografia\/\" \/>\n<meta property=\"og:locale\" content=\"en_US\" \/>\n<meta property=\"og:type\" content=\"article\" \/>\n<meta property=\"og:title\" content=\"Fotografia - ArtBelova\" \/>\n<meta property=\"og:description\" content=\"Fotografia\" \/>\n<meta property=\"og:url\" content=\"https:\/\/www.artbelova.com\/index.php\/fotografia\/\" \/>\n<meta property=\"og:site_name\" content=\"ArtBelova\" \/>\n<meta property=\"article:modified_time\" content=\"2024-05-02T08:40:44+00:00\" \/>\n<meta property=\"og:image\" content=\"http:\/\/www.artbelova.com\/wp-content\/uploads\/2024\/05\/m010-011-300x152.jpg\" \/>\n<meta name=\"twitter:card\" content=\"summary_large_image\" \/>\n<meta name=\"twitter:label1\" content=\"Est. reading time\" \/>\n\t<meta name=\"twitter:data1\" content=\"1 minute\" \/>\n<script type=\"application\/ld+json\" class=\"yoast-schema-graph\">{\"@context\":\"https:\\\/\\\/schema.org\",\"@graph\":[{\"@type\":\"WebPage\",\"@id\":\"https:\\\/\\\/www.artbelova.com\\\/index.php\\\/fotografia\\\/\",\"url\":\"https:\\\/\\\/www.artbelova.com\\\/index.php\\\/fotografia\\\/\",\"name\":\"Fotografia - ArtBelova\",\"isPartOf\":{\"@id\":\"https:\\\/\\\/www.artbelova.com\\\/#website\"},\"primaryImageOfPage\":{\"@id\":\"https:\\\/\\\/www.artbelova.com\\\/index.php\\\/fotografia\\\/#primaryimage\"},\"image\":{\"@id\":\"https:\\\/\\\/www.artbelova.com\\\/index.php\\\/fotografia\\\/#primaryimage\"},\"thumbnailUrl\":\"http:\\\/\\\/www.artbelova.com\\\/wp-content\\\/uploads\\\/2024\\\/05\\\/m010-011-300x152.jpg\",\"datePublished\":\"2024-04-25T11:27:11+00:00\",\"dateModified\":\"2024-05-02T08:40:44+00:00\",\"breadcrumb\":{\"@id\":\"https:\\\/\\\/www.artbelova.com\\\/index.php\\\/fotografia\\\/#breadcrumb\"},\"inLanguage\":\"en-US\",\"potentialAction\":[{\"@type\":\"ReadAction\",\"target\":[\"https:\\\/\\\/www.artbelova.com\\\/index.php\\\/fotografia\\\/\"]}]},{\"@type\":\"ImageObject\",\"inLanguage\":\"en-US\",\"@id\":\"https:\\\/\\\/www.artbelova.com\\\/index.php\\\/fotografia\\\/#primaryimage\",\"url\":\"https:\\\/\\\/www.artbelova.com\\\/wp-content\\\/uploads\\\/2024\\\/05\\\/m010-011.jpg\",\"contentUrl\":\"https:\\\/\\\/www.artbelova.com\\\/wp-content\\\/uploads\\\/2024\\\/05\\\/m010-011.jpg\",\"width\":800,\"height\":404},{\"@type\":\"BreadcrumbList\",\"@id\":\"https:\\\/\\\/www.artbelova.com\\\/index.php\\\/fotografia\\\/#breadcrumb\",\"itemListElement\":[{\"@type\":\"ListItem\",\"position\":1,\"name\":\"Home\",\"item\":\"https:\\\/\\\/www.artbelova.com\\\/\"},{\"@type\":\"ListItem\",\"position\":2,\"name\":\"Fotografia\"}]},{\"@type\":\"WebSite\",\"@id\":\"https:\\\/\\\/www.artbelova.com\\\/#website\",\"url\":\"https:\\\/\\\/www.artbelova.com\\\/\",\"name\":\"ArtBelova\",\"description\":\"by Mariia Belova\",\"publisher\":{\"@id\":\"https:\\\/\\\/www.artbelova.com\\\/#\\\/schema\\\/person\\\/9f862a8c5d1890dd56f9b25032765428\"},\"potentialAction\":[{\"@type\":\"SearchAction\",\"target\":{\"@type\":\"EntryPoint\",\"urlTemplate\":\"https:\\\/\\\/www.artbelova.com\\\/?s={search_term_string}\"},\"query-input\":{\"@type\":\"PropertyValueSpecification\",\"valueRequired\":true,\"valueName\":\"search_term_string\"}}],\"inLanguage\":\"en-US\"},{\"@type\":[\"Person\",\"Organization\"],\"@id\":\"https:\\\/\\\/www.artbelova.com\\\/#\\\/schema\\\/person\\\/9f862a8c5d1890dd56f9b25032765428\",\"name\":\"Mariia Belova\",\"image\":{\"@type\":\"ImageObject\",\"inLanguage\":\"en-US\",\"@id\":\"http:\\\/\\\/www.artbelova.com\\\/wp-content\\\/uploads\\\/2024\\\/04\\\/art-Belova-Logo_trans.png\",\"url\":\"http:\\\/\\\/www.artbelova.com\\\/wp-content\\\/uploads\\\/2024\\\/04\\\/art-Belova-Logo_trans.png\",\"contentUrl\":\"http:\\\/\\\/www.artbelova.com\\\/wp-content\\\/uploads\\\/2024\\\/04\\\/art-Belova-Logo_trans.png\",\"width\":486,\"height\":162,\"caption\":\"Mariia Belova\"},\"logo\":{\"@id\":\"http:\\\/\\\/www.artbelova.com\\\/wp-content\\\/uploads\\\/2024\\\/04\\\/art-Belova-Logo_trans.png\"},\"sameAs\":[\"http:\\\/\\\/www.artbelova.com\"]}]}<\/script>\n<!-- \/ Yoast SEO plugin. -->","yoast_head_json":{"title":"Fotografia - ArtBelova","robots":{"index":"index","follow":"follow","max-snippet":"max-snippet:-1","max-image-preview":"max-image-preview:large","max-video-preview":"max-video-preview:-1"},"canonical":"https:\/\/www.artbelova.com\/index.php\/fotografia\/","og_locale":"en_US","og_type":"article","og_title":"Fotografia - ArtBelova","og_description":"Fotografia","og_url":"https:\/\/www.artbelova.com\/index.php\/fotografia\/","og_site_name":"ArtBelova","article_modified_time":"2024-05-02T08:40:44+00:00","og_image":[{"url":"http:\/\/www.artbelova.com\/wp-content\/uploads\/2024\/05\/m010-011-300x152.jpg","type":"","width":"","height":""}],"twitter_card":"summary_large_image","twitter_misc":{"Est. reading time":"1 minute"},"schema":{"@context":"https:\/\/schema.org","@graph":[{"@type":"WebPage","@id":"https:\/\/www.artbelova.com\/index.php\/fotografia\/","url":"https:\/\/www.artbelova.com\/index.php\/fotografia\/","name":"Fotografia - ArtBelova","isPartOf":{"@id":"https:\/\/www.artbelova.com\/#website"},"primaryImageOfPage":{"@id":"https:\/\/www.artbelova.com\/index.php\/fotografia\/#primaryimage"},"image":{"@id":"https:\/\/www.artbelova.com\/index.php\/fotografia\/#primaryimage"},"thumbnailUrl":"http:\/\/www.artbelova.com\/wp-content\/uploads\/2024\/05\/m010-011-300x152.jpg","datePublished":"2024-04-25T11:27:11+00:00","dateModified":"2024-05-02T08:40:44+00:00","breadcrumb":{"@id":"https:\/\/www.artbelova.com\/index.php\/fotografia\/#breadcrumb"},"inLanguage":"en-US","potentialAction":[{"@type":"ReadAction","target":["https:\/\/www.artbelova.com\/index.php\/fotografia\/"]}]},{"@type":"ImageObject","inLanguage":"en-US","@id":"https:\/\/www.artbelova.com\/index.php\/fotografia\/#primaryimage","url":"https:\/\/www.artbelova.com\/wp-content\/uploads\/2024\/05\/m010-011.jpg","contentUrl":"https:\/\/www.artbelova.com\/wp-content\/uploads\/2024\/05\/m010-011.jpg","width":800,"height":404},{"@type":"BreadcrumbList","@id":"https:\/\/www.artbelova.com\/index.php\/fotografia\/#breadcrumb","itemListElement":[{"@type":"ListItem","position":1,"name":"Home","item":"https:\/\/www.artbelova.com\/"},{"@type":"ListItem","position":2,"name":"Fotografia"}]},{"@type":"WebSite","@id":"https:\/\/www.artbelova.com\/#website","url":"https:\/\/www.artbelova.com\/","name":"ArtBelova","description":"by Mariia Belova","publisher":{"@id":"https:\/\/www.artbelova.com\/#\/schema\/person\/9f862a8c5d1890dd56f9b25032765428"},"potentialAction":[{"@type":"SearchAction","target":{"@type":"EntryPoint","urlTemplate":"https:\/\/www.artbelova.com\/?s={search_term_string}"},"query-input":{"@type":"PropertyValueSpecification","valueRequired":true,"valueName":"search_term_string"}}],"inLanguage":"en-US"},{"@type":["Person","Organization"],"@id":"https:\/\/www.artbelova.com\/#\/schema\/person\/9f862a8c5d1890dd56f9b25032765428","name":"Mariia Belova","image":{"@type":"ImageObject","inLanguage":"en-US","@id":"http:\/\/www.artbelova.com\/wp-content\/uploads\/2024\/04\/art-Belova-Logo_trans.png","url":"http:\/\/www.artbelova.com\/wp-content\/uploads\/2024\/04\/art-Belova-Logo_trans.png","contentUrl":"http:\/\/www.artbelova.com\/wp-content\/uploads\/2024\/04\/art-Belova-Logo_trans.png","width":486,"height":162,"caption":"Mariia Belova"},"logo":{"@id":"http:\/\/www.artbelova.com\/wp-content\/uploads\/2024\/04\/art-Belova-Logo_trans.png"},"sameAs":["http:\/\/www.artbelova.com"]}]}},"builder_content":"<p style=\"text-align: justify;\">Anche come fotografa professionista la mia passione per l'arte, che risale ai miei giorni all'accademia artistica, ha sempre fatto da padrona. Dopo anni di studio e di perfezionamento delle mie tecniche, ho trasformato la mia passione in una carriera appagante e diversificata.<\/p> <p style=\"text-align: justify;\"><img loading=\"lazy\" decoding=\"async\" src=\"http:\/\/www.artbelova.com\/wp-content\/uploads\/2024\/05\/m010-011-300x152.jpg\" alt=\"\" width=\"339\" height=\"172\" srcset=\"https:\/\/www.artbelova.com\/wp-content\/uploads\/2024\/05\/m010-011-300x152.jpg 300w, https:\/\/www.artbelova.com\/wp-content\/uploads\/2024\/05\/m010-011-768x388.jpg 768w, https:\/\/www.artbelova.com\/wp-content\/uploads\/2024\/05\/m010-011.jpg 800w\" sizes=\"auto, (max-width: 339px) 100vw, 339px\" \/>Il mio lavoro abbraccia una variet\u00e0 di settori, ma tutti sono uniti da un unico filo conduttore: catturare momenti significativi e trasformarli in immagini indimenticabili. Dai matrimoni alle sessioni fotografiche con gli amati animali da affezione, dalle mamme in dolce attesa agli incontri professionali, ho avuto il privilegio di essere testimone di momenti preziosi nella vita delle persone.<\/p> <p style=\"text-align: justify;\"><img loading=\"lazy\" decoding=\"async\" src=\"http:\/\/www.artbelova.com\/wp-content\/uploads\/2024\/05\/011-300x232.jpg\" alt=\"\" width=\"329\" height=\"255\" srcset=\"https:\/\/www.artbelova.com\/wp-content\/uploads\/2024\/05\/011-300x232.jpg 300w, https:\/\/www.artbelova.com\/wp-content\/uploads\/2024\/05\/011-768x593.jpg 768w, https:\/\/www.artbelova.com\/wp-content\/uploads\/2024\/05\/011.jpg 792w\" sizes=\"auto, (max-width: 329px) 100vw, 329px\" \/>Ogni sessione fotografica \u00e8 un'opportunit\u00e0 per me di mettere in pratica la mia formazione artistica e la mia sensibilit\u00e0 verso le emozioni umane. Mi impegno a creare immagini che non solo documentino, ma che raccontino storie, che catturino personalit\u00e0 e che trasmettano sentimenti autentici.<\/p> <p style=\"text-align: justify;\">La mia esperienza professionale mi ha insegnato l'importanza della flessibilit\u00e0 e della capacit\u00e0 di adattamento. Ogni servizio fotografico \u00e8 unico, e mi impegno a comprendere le esigenze e le aspettative dei miei clienti per offrire loro un'esperienza su misura e risultati che superino le loro aspettative.<\/p> <p style=\"text-align: justify;\"><img loading=\"lazy\" decoding=\"async\" src=\"http:\/\/www.artbelova.com\/wp-content\/uploads\/2024\/05\/Concerto002-300x232.jpg\" alt=\"\" width=\"279\" height=\"215\" srcset=\"https:\/\/www.artbelova.com\/wp-content\/uploads\/2024\/05\/Concerto002-300x232.jpg 300w, https:\/\/www.artbelova.com\/wp-content\/uploads\/2024\/05\/Concerto002-768x593.jpg 768w, https:\/\/www.artbelova.com\/wp-content\/uploads\/2024\/05\/Concerto002.jpg 792w\" sizes=\"auto, (max-width: 279px) 100vw, 279px\" \/>Sono grata per il privilegio di poter condividere la mia passione con gli altri e di poter contribuire a preservare ricordi preziosi per le generazioni future. Grazie per avermi dato l'opportunit\u00e0 di far parte dei momenti speciali della vostra vita.<\/p>","_links":{"self":[{"href":"https:\/\/www.artbelova.com\/index.php\/wp-json\/wp\/v2\/pages\/73","targetHints":{"allow":["GET"]}}],"collection":[{"href":"https:\/\/www.artbelova.com\/index.php\/wp-json\/wp\/v2\/pages"}],"about":[{"href":"https:\/\/www.artbelova.com\/index.php\/wp-json\/wp\/v2\/types\/page"}],"author":[{"embeddable":true,"href":"https:\/\/www.artbelova.com\/index.php\/wp-json\/wp\/v2\/users\/1"}],"replies":[{"embeddable":true,"href":"https:\/\/www.artbelova.com\/index.php\/wp-json\/wp\/v2\/comments?post=73"}],"version-history":[{"count":9,"href":"https:\/\/www.artbelova.com\/index.php\/wp-json\/wp\/v2\/pages\/73\/revisions"}],"predecessor-version":[{"id":218,"href":"https:\/\/www.artbelova.com\/index.php\/wp-json\/wp\/v2\/pages\/73\/revisions\/218"}],"wp:attachment":[{"href":"https:\/\/www.artbelova.com\/index.php\/wp-json\/wp\/v2\/media?parent=73"}],"curies":[{"name":"wp","href":"https:\/\/api.w.org\/{rel}","templated":true}]}}